-105 + 14. Suppose -20*z = o*z - 54. What is x(z)?
10
Let j(g) = -6*g**2 - 77*g + 19. Let v(t) = -2*t**2 - 14*t + 23. Let h be v(2). Give j(h).
6
Let d(n) = -17*n - 2. Suppose -88*a + 49*a = -27*a - 28*a. What is d(a)?
-2
Suppose 6*x + 144 = 14*x. Let p(f) be the third derivative of f**3/6 + 2*f**2. Let v(k) = -2*k - 12. Let y(b) = x*p(b) + 2*v(b). What is y(-4)?
10
Let i be 6/(-16) + (180/(-12) - (-603)/72). Let j(m) = -m**3 - 14*m**2 - 55*m - 42. Determine j(i).
0
Let i be (1 - (1 - -2))*(-4 + 6). Let g(u) be the first derivative of u**3/3 + 2*u**2 + u - 17. What is g(i)?
1
Let z(h) = 0 - h**2 + 3*h - 3 + 3*h. Let w be (1/3 + -3)*-15. Suppose 37*x = 36*x + c + 3, 4*x = -3*c + w. Calculate z(x).
-10
Let t(k) = k**2 - k - 3. Let u be (-1)/(1 + 2/(-4)). Let b(q) = 4*q**2 - 3*q - 14. Let r(s) = u*b(s) + 9*t(s). Let m be (3 - (-28)/(-12))*3. Calculate r(m).
-1
Let r be (-57)/(-5)*(-650)/390. Let l(c) = c**2 + 21*c - 32. What is l(r)?
-70
Suppose -66 = 6*a + 18. Let o = 46 + a. Let l(p) = -o*p - 27*p + 2 + 57*p. What is l(4)?
-6
Let f(h) = 7*h - 68. Let c be f(10). Let j(z) be the first derivative of -24 - 2*z + 1/2*z**c. Determine j(-4).
-6
Suppose 0*r - 45 = -5*z - 5*r, -z + 3*r - 11 = 0. Let n(k) be the first derivative of -4*k + 2 + 1/2*k**2. Calculate n(z).
0
Let i(w) = -2*w**2 + 3*w - 16. Suppose 33*s - 833 = -86*s. Determine i(s).
-93
Let r(z) be the first derivative of z**4/4 - 4*z**3/3 - 2*z**2 - 2*z + 1. Let l(b) = -912*b**2 - 8212*b - 32. Let t be l(-9). Calculate r(t).
-18
Let n(o) = -o**3 + 5*o**2 - 5*o - 2. Suppose -2*a + 8 = r, -4*r = 2*a - 19 - 7. Let k be (-126)/(-33) - (-9)/(297/r). Calculate n(k).
-6
Let b(t) = 6*t - 2. Let q = -654 - -666. Let n be (6/(-15))/((q/5)/(-6)). Determine b(n).
4
Let x(a) be the second derivative of a**4/12 - 29*a**3/6 - 4*a**2 + 7585*a. What is x(29)?
-8
Let d(l) = -791*l**3 + 790*l**3 + 9*l**2 + 12 - 2. Calculate d(10).
-90
Let f(v) = -2*v**2 + 41*v - 9. Suppose 61*i = -42*i + 2060. What is f(i)?
11
Suppose 4*t = -4*q + 36, 3*q - 2 + 0 = 2*t. Let n(w) = 2*w + 6*w - 3025 + 2229*w**2 - 2230*w**2 + 3019 - 2*w. Determine n(t).
-1
Let i(t) = -204*t + 820*t + 155 - 209*t - 194*t - 185*t + t**2. Determine i(-7).
8
Let y be ((-4)/10)/((-2)/60). Suppose f + 4 = -a, -2*f - y = -4*a + f. Let d(j) = 4*j - 9 + a - 5*j. Determine d(0).
-9
Let i(c) be the third derivative of c**4/8 + 4*c**3/3 + 16*c**2. Let m be i(-3). Let q(p) = -8*p**2 - 1. What is q(m)?
-9
Let s(b) = -383*b + 3457. Let p be s(9). Let a(c) = c**3 - 10*c**2 - 7*c + 82. What is a(p)?
12
Let d be (-4 + 7)*6/(-9). Let z be 9 + d + 4/2. Let h(o) = 6*o**2 - o**3 - o + 0 - 2 - z*o**2. Give h(-2).
-4
Let u(p) be the first derivative of -12 + 34*p - 1/2*p**2. Determine u(0).
34
Let d(k) be the first derivative of -k**4/4 - k**3/3 - k**2/2 + 5*k - 1. Let c(a) = 48*a - 103. Let w be c(12). Let h = w - 473. Calculate d(h).
5
Let v(i) = 43*i**2 + 1. Suppose 5*z - 3 = 2*l, 283*l + 4 = 286*l + z. Give v(l).
44
Let p(j) = 5*j - 50. Let d be p(11). Let l be 10/4*20/25. Let z(v) = -8 + d + 5 - 6*v - v**l. What is z(-4)?
10
Let z = 3605 - 3600. Suppose -3*h - 4 = 2. Let t(l) = -l**2 - 2*l + 3. Let o(m) = 5*m**2 + 7*m - 13. Let p(y) = h*o(y) - 9*t(y). What is p(z)?
-6
Let q(x) = -112*x**2 - 23*x**2 + 130*x**2 + 27 - 9*x + x**3. Determine q(6).
9
Let b(f) be the first derivative of -f**2 - 7*f - 216. Let o(x) = x**3 + 2*x**2 - 5*x + 2. Let g be o(2). Calculate b(g).
-23
Suppose 9*j - 5*j + 8 = 0. Let y(q) be the second derivative of 1/6*q**3 + 0 - 1/12*q**4 - 1/20*q**5 - 208*q - 1/2*q**2. Give y(j).
1
Let b(z) = -33*z - 7. Let c(i) = 8*i + 4. Let k(v) = -b(v) - 4*c(v). Determine k(8).
-1
Let v(x) be the third derivative of 2/3*x**3 + 1/15*x**5 + 0 - 46*x**2 + 0*x + 1/120*x**6 - 1/6*x**4. Let b(q) = -q**2 - 3*q. Let n be b(-4). Calculate v(n).
20
Suppose -54*i + 166 = -220*i. Let q(d) = 66*d**2 + 2*d + 1. What is q(i)?
65
Let p be (42/10)/(2/10). Suppose -3*f + p = -10*f. Let r(h) be the second derivative of -h**4/12 - h**3/2 - 2*h**2 - 5*h. Give r(f).
-4
Let y(k) be the first derivative of 0*k**4 + 0*k + 24 - 1/20*k**6 + 23/2*k**2 + 0*k**3 + 1/60*k**5. Let s(t) be the second derivative of y(t). Calculate s(-1).
7
Let q(b) = 17*b**2 + 3*b - 8. Let w(o) = 6*o**2 + o - 3. Let c(f) = -4*q(f) + 11*w(f). Let p(s) = 9*s**2 + 11*s + 5. Let n(y) = -6*c(y) - p(y). What is n(4)?
29
Let d(a) be the first derivative of -2/3*a**3 - 7*a - 6*a**2 + 155. What is d(-5)?
3
Let c = -13227 - -13236. Let m(j) be the first derivative of -c - j + 1/2*j**2. What is m(-5)?
-6
Let o(p) be the first derivative of p**4/4 + 28*p**3/3 + 21*p**2/2 - 162*p + 3593. Give o(-27).
0
Suppose 3*i - 3 = 3. Let t(m) = 23*m - 3. Let b(o) = -7*o + 1. Let h(c) = -7*b(c) - 2*t(c). Let v be h(i). Let p(w) = -2*w + 3. What is p(v)?
-7
Let u(v) = -v + 10. Let y(r) = -559*r + 1690. Let c be y(3). Determine u(c).
-3
Let g(f) be the third derivative of -f**4/8 - f**3/6 + f**2 - 3*f - 99. Let u(l) = l**3 + 6*l**2 + 4. Let z be u(-6). Give g(z).
-13
Let u be (-4)/(-3 + -1) + -9. Let m(q) = -685325*q**2 + 42 + 12*q - 4 + 685326*q**2. Give m(u).
6
Let m(k) = -6775592 - 7*k**2 + 27*k + 6775626 - 6*k**2 + k**3. Determine m(10).
4
Let i(a) = -2*a + 31. Suppose -y - 4*q = -48, -48*q - 35 = -53*q. Determine i(y).
-9
Let f be ((-6)/1)/(49/(931/(-38))). Let l(b) be the second derivative of -1/12*b**4 + 4*b - 1/2*b**f + 0 + 3/2*b**2. Determine l(-5).
-7
Let x(q) be the first derivative of -q**3/3 + 7*q**2 + 171*q + 4793. Give x(-8).
-5
Let s = -4623 - -4642. Let h(g) = g**3 - 19*g**2 - 2*g + 37. Determine h(s).
-1
Let q(p) = p**2 + 2*p - 4. Suppose -x = -4*i + 37, 3*x + 41 = 3*i + 11. Suppose -2*w + 3*w = 5, 5*n - w = 5. Suppose y = -n*y - i. Determine q(y).
-1
Let z(j) be the first derivative of -2/3*j**3 - j - 1/2*j**2 - 129. What is z(2)?
-11
Let f(y) = -y - 5. Let b(w) = 3*w + 5. Let j(d) = -2*b(d) - 5*f(d). Let i = 74 + -63. What is j(i)?
4
Let d(a) = a**3 + a**2 - 13. Let v(w) = -w**3 + 18*w**2 + 24. Let f be v(18). Suppose f*m - 19*m = 0. Give d(m).
-13
Let l(g) = -7*g**3 + 4*g + 1. Let n(s) = 14*s**3 + s**2 - 9*s - 2. Suppose -2*b - 3*x = -25, -b - x - 6 = -16. Let t(j) = b*l(j) + 2*n(j). Give t(-1).
8
Let j(r) = 13*r. Let l(y) = y. Suppose -w - 2 = 3*x, 0 = 3*x - x. Let f(t) = w*j(t) + 14*l(t). Determine f(4).
-48
Let q(u) = 2*u + 31. Suppose 18*g + 4*x + 63 = 13*g, 0 = g - 3*x + 24. Determine q(g).
1
Let p be (-1210)/(-330)*(-3)/(0 + -1). Suppose -3*f - 1 = -h - p, -5*h - f + 14 = 0. Let k(w) = -5*w - 2. What is k(h)?
-12
Let z be 5 - 6*19/((-228)/8). Let o(m) = -m**3 + 11*m**2 - 21*m + 27. Determine o(z).
0
Let t(h) = -5*h - 22*h**2 - 33*h**2 - 32*h**2 + 86*h**2 - 8 - 3*h. Let c be ((-1)/2)/(2/24). What is t(c)?
4
Suppose 10*i - 34 + 64 = 0. Let f(z) = z + 15. Let b(o) = o - 6. Let d(a) = -2*b(a) - f(a). Determine d(i).
6
Let k(b) = -2*b**3 + 2*b - 4. Let a = -3944 + 3946. What is k(a)?
-16
Let q(m) = -m**3 - 12*m**2 + 11*m + 12. Let t(w) = -3*w**3 - 34*w**2 + 33*w + 34. Let i(l) = 11*q(l) - 4*t(l). What is i(-6)?
-10
Suppose -9*d + 10*d = 3. Let k(i) = 4*i**2 - 5*i + 6. Let r be k(d). Let o(f) = 25 - f + r - 49. Give o(8).
-5
Suppose 5 = -9*j - 4. Let x(p) = 7*p - p + 11*p + 1 - 3*p - p. Give x(j).
-12
Let g be 1/(1/(-2) + ((-182)/20)/(-13)). Let l(o) = -5*o**2 + 28*o - 5. What is l(g)?
10
Let y be (-9)/(-27) - (-16)/6. Let w(z) be the first derivative of z**3/3 + z**2/2 - 3*z - 2416. Give w(y).
9
Let o(i) = -130*i + 6. Let s(l) = 301*l - 17. Let k(g) = 14*o(g) + 6*s(g). What is k(-2)?
10
Suppose 0 = -2*f - f - 4*f. Suppose f = 119*a - 122*a. Suppose a = p - 5*y - 29 + 10, 4*y + 18 = -2*p. Let c(n) = -3*n - 1. What is c(p)?
2
Let a(j) be the second derivative of j**5/20 + 7*j**4/6 + 3*j**3 + 3*j**2 + 986*j + 2. Calculate a(-13).
-59
Suppose 3*p - 9*k = -21*k + 57, 5*p = 4*k - 1. Let h(r) = 9*r - 19. What is h(p)?
8
Let s be 0 - (1 + 1 - 3). Let l(q) = -8 + 5 + q**2 - s + q**2 + 5*q. Calculate l(-4).
8
Let o(n) = 11*n + 4*n - 1 + n**2 + n + 0 - 23*n. Give o(-5).
59
Suppose 3 - 27 = -192*o + 184*o. Let v(q) be the second derivative of q**4/12 - 6*q. What is v(o)?
9
Let j = 17 + -11. Let g(w) = 104 + j*w - 101 + 4*w. Let h(v) = v. Let n(o) = -g(o) + 5*h(o). Calculate n(-2).
7
Let q(k) = -4*k**3 - 18*k**2 + 3*k**3 